*3 + 52*g**2. What is z(d)?
8
Let s(z) = z**3 + 4*z**2 + 11*z + 6. Suppose 0 = 10*f + 14*f + 96. Give s(f).
-38
Let m(h) = 5*h**3 + h**2 - h + 13. Let d(n) = 1335 + 4*n**3 - 2*n - 1323 + 4*n**2 - 2*n**2. Let p(t) = -6*d(t) + 5*m(t). Determine p(6).
-1
Let b(z) = 11*z - 19. Let w be b(2). Let m(d) = -w*d + 3*d + 0*d + d + 1. What is m(-2)?
-1
Let y(m) = 2*m**2 - 1. Let d = -3097 - -3100. Suppose 2*f - 7 - 7 = 4*o, -3*o + 2 = f. Suppose -4*s + 2 + 16 = -f*n, d*s - 6 = 0. Calculate y(n).
7
Let q be (10*42/(-28))/((-3)/(-2)). Let f(j) = j**2 + 14*j - 2. Determine f(q).
-42
Let y(v) = -v**2 - 3*v + 3 - v**2 + v**2. Suppose -30*g + 3904 = -14*g. Suppose 13*h + g = 179. Determine y(h).
-7
Let f(d) = 15*d**3 + 35*d**2 - 127*d - 15. Let o(k) = -7*k**3 - 17*k**2 + 58*k + 8. Let i(g) = -6*f(g) - 13*o(g). Give i(-10).
6
Let o(d) = -23*d + 137. Let x(k) = -13*k + 76. Let l(n) = 3*o(n) - 5*x(n). Calculate l(14).
-25
Let z(f) = -f**3 - 13*f**2 + f + 14. Let o(s) = s**3 + 12*s**2 - s - 14. Let t(p) = 2*o(p) + 3*z(p). Suppose -131 = 18*u + 139. Determine t(u).
-1
Let p(v) = v**2 + 5*v. Let o be (48/(-14))/((-3)/21). Suppose -n = 3*n - o. Suppose -3 = -n*b + 7*b. Determine p(b).
-6
Let l(s) = -s**2 + 15*s + 4. Let q be l(12). Suppose 0 = 442*d - 434*d - q. Let h(u) be the second derivative of -u**5/20 + 5*u**4/12 - 7*u**2/2 + u. Give h(d).
-7
Let k(q) = -q**2 + 3. Suppose -2*o = -11*j + 16*j + 1396, 0 = 2*o - 4. Let v = -283 - j. What is k(v)?
-6
Let o(k) be the first derivative of -k**4/4 - 4*k**3 - k**2/2 + 6*k + 13744. Determine o(-5).
-164
Let u(n) = -3 - n**3 + 0 - 4*n**2 - 3*n - 3*n**2. Suppose f + 4*c - 49 = 0, -167*f - 35 = -168*f - 3*c. Give u(f).
18
Suppose -106*o + 181 + 31 = 0. Let q(i) = -i**2 + 4*i - 3. Calculate q(o).
1
Let s = 196 - 189. Let b(g) = 2*g**2 - 15*g + s*g + 8*g. What is b(-4)?
32
Let q(v) = -2*v**3 + 4*v**2 - 2*v - 1. Let f be q(2). Let r(d) = 135*d**2 - 1 - 43*d - 130*d**2 + d**3 + 42*d. What is r(f)?
4
Let t(z) = z**3 - 11*z**2 + 16*z - 57. Let h(r) = r**3 - 11*r**2 + 17*r - 69. Let i(x) = 4*h(x) - 5*t(x). Give i(10).
-11
Suppose 3*g - 14 + 5 = 0. Let i(t) = 339*t - 336*t - t**g - 4*t**2 + 4*t**3. Give i(2).
14
Let s be ((-1)/(-1))/(4/12). Let o(c) = c - 4*c**s - c - 4*c**2 + 3*c**3 + 1. Let h be 0 - 4/30 - (-2088)/(-540). Calculate o(h).
1
Let y(a) = 2*a + 5. Let u = 4 + -8. Let k be y(u). Let l(g) = -g**2 + 197 + 0*g**2 + 2*g + 2*g**2 - 199. Determine l(k).
1
Suppose 5*g = -2*s + 101, 3*g - 32 = -s + 16. Let h = s + -44. Let u(c) = -h*c - 21*c - 12 + 41*c. What is u(0)?
-12
Let s(u) = u - 15. Let h(v) = -2 + v + 5 - 6. Let y(k) = -15*h(k) + 3*s(k). Determine y(2).
-24
Let t(l) be the first derivative of -l**3/3 + 3*l**2/2 + 3*l + 353. Let z be (2/5)/(2/50). Suppose 0 = 2*p - z + 2. Calculate t(p).
-1
Let o = -309 - -314. Let p(d) = 1 - 22 + 5 + 4*d. What is p(o)?
4
Let x(q) be the first derivative of q**4/4 - 3*q**3 - q**2/2 + q - 660. Let h be -1 + 0 + 27/3. Suppose -5*o = 3*j - 27, -o = -j + h + 1. Give x(j).
-8
Let i = 130 - 128. Let c(a) = -2*a**2 + 10*a**i - 3*a**3 - 2*a - 3*a**2 + 1 - 4*a**2. Give c(1).
-3
Let b(i) = -i**2 + 8*i + 27. Let c be b(11). Let x(y) be the first derivative of y**2 + 5*y + 217. Determine x(c).
-7
Let i(q) = 78 - q + 3*q**2 + q**2 - 33 + 44*q - 12. Determine i(-10).
3
Suppose 64 = -4*a - 8*x, 5*a + 13*x + 110 = 18*x. Let v(g) = -g**3 - 20*g**2 + 2*g + 34. What is v(a)?
-6
Let j(a) = -13*a**3 - a**2 + a - 1. Let s be 92*(-1)/12*-3. Suppose 5*y = 7 + s. Let c be 2/(0 - (-1*y)/3). Give j(c).
-14
Let y(c) = -15*c**3 + 7*c**2 + 2*c - 5. Let t(p) = 19*p**3 - 9*p**2 - 2*p + 6. Let a(v) = 4*t(v) + 5*y(v). Give a(1).
1
Let i be (-3 - (0 - 2))*-1. Let y(s) be the first derivative of 11/2*s**2 - s - 22. Calculate y(i).
10
Let h(p) = -p - 1. Let m(q) = 2*q**2 - 12*q + 11. Suppose -39 = -7*w - 6*w. Let y be m(w). Determine h(y).
6
Let r(y) be the third derivative of -y**6/60 - y**5/60 + y**3/3 - 2*y**2 + 7*y + 46. What is r(1)?
-1
Suppose -5*p + 3 = 8. Let x(b) = -b**3 - 6*b**2 + 6*b + 6. Let g(u) = -u - 3. Let n(c) = p*x(c) - 4*g(c). Let k = -4 - 2. Give n(k).
18
Let m be (-44)/44 - (-4 - -2). Let c(b) = 59*b - 13. Let y(i) = 89*i - 21. Let k(s) = -8*c(s) + 5*y(s). Give k(m).
-28
Let u(r) = 2 + r + 5 + 0*r. Let j be (-42)/12 + -1*(-1)/(-2). Let x(t) = t + 7. Let m(a) = j*u(a) + 3*x(a). What is m(0)?
-7
Let o(f) be the first derivative of -f**3/3 + 4*f**2 + 3*f - 132. Let b = 32 + -5. Let m = b + -18. Calculate o(m).
-6
Let f(l) = -l**2 + l + 1. Let y be ((-10)/(-55))/((-2)/(-638)). Let m(x) = -60*x. Let o be m(1). Let p = y + o. Calculate f(p).
-5
Let z(w) = -7472*w + 14969*w - 7463*w. Let c(m) = -m**2 + 11*m - 9. Let d be c(10). Give z(d).
34
Suppose -q - 3*g = 15, -4*g = -5*q - 7*g - 27. Let f(y) be the second derivative of 42 + 2/3*y**3 + 1/12*y**4 - 2*y + 3/2*y**2. What is f(q)?
0
Let u(h) = h**2 + 3*h. Let y be (8 + -5)*4/(-3). Let x be u(y). Let o(s) = s**2 - 3*s. Let i(j) = 2*j**2 - 6*j - 2. Let v(b) = 2*i(b) - 5*o(b). Determine v(x).
-8
Let s(m) = -m**2 - 11*m + 48. Let l be (-102)/(-30) - (2 + (-26)/10). Calculate s(l).
-12
Let j(p) = -5*p + 1. Let h(r) = -r. Suppose 0 = -4*l - 3*n - 31, 4*n = 2*l - 0*n + 10. Let b(f) = l*h(f) + 2*j(f). Let i be 2/5 - 130/(-50). Determine b(i).
-7
Let h(g) = -292*g - 18108. Let y be h(-62). Let u(o) = -o**3 - 2*o + 2*o**3 + 4*o**2 + 0*o. Calculate u(y).
8
Let o(y) = 63*y**3 + y + 2. Let v = 9950 + -9951. What is o(v)?
-62
Let l(h) = -3*h**3 - 7*h**2 + 13*h - 45. Let v(s) = -s**3 - 2*s**2 + 4*s - 15. Let r(c) = 2*l(c) - 7*v(c). Give r(-3).
-6
Let s(w) be the third derivative of -w**4/6 + w**3/6 - 2*w**2. Let b(n) = 137*n + 2742. Let u be b(-20). Give s(u).
-7
Let c(h) = -110*h - 8. Let y(f) = 111*f + 7. Let x(j) = -4*c(j) - 5*y(j). Let b be x(-12). Let r(l) = -l + b - 1377. What is r(-4)?
4
Let x(a) = a - 2. Let b = -186 + 220. Suppose -5*v + 4*i - 24 = 0, 5*v - 2*i = -b + 2. Give x(v).
-10
Let k(d) = 11*d**3 - 64*d**2 + 115*d - 10. Let f(l) = 19*l**3 - 107*l**2 + 191*l - 17. Let n(g) = -7*f(g) + 12*k(g). Calculate n(-21).
-22
Let q(t) be the third derivative of 0 + 1/3*t**3 - 3*t**2 - 1/12*t**5 + 43*t - 1/24*t**4. Give q(2).
-20
Let r(z) = z**2 - 5*z - 6. Let j(w) = -3*w + 11. Let n(y) = 14*y - 40. Let c be n(3). Let s be j(c). Calculate r(s).
-6
Let h(r) be the first derivative of -50*r**3/3 + r**2/2 + 2*r + 659. Determine h(-1).
-49
Let b = 7 + -3. Let q(k) = 447*k + 14. Let h(i) = 163*i + 5. Let y(v) = -11*h(v) + 4*q(v). What is y(b)?
-19
Let y = 2 + 7. Suppose -2*s = -3*r - y, 0 = -5*r + 11 + 4. Let w(z) be the third derivative of z**5/60 - z**4/3 - 4*z**3/3 - 4*z**2. Calculate w(s).
1
Let i be 1 - (6/6 + -7). Suppose -i = -7*z + 35. Let a(s) = s - 3. What is a(z)?
3
Let l(n) be the second derivative of 5*n**4/12 - n**3 + 5*n**2/2 - 2*n - 77. Let t(v) = v**2. Let a(u) = l(u) - 6*t(u). Determine a(4).
-35
Let x(a) be the third derivative of -a**6/120 + 7*a**5/60 + 2*a**3/3 - 212*a**2. Let s be ((1 - -4)/5)/(2/14). Give x(s).
4
Let i(m) = -4*m + 2. Suppose -3*a - 4*k - 6 = 0, 4*k = 5*a - k - 25. Let n be 2 + (-4 - -1) + 4/a. Give i(n).
-2
Let m(f) = 4*f**2 + 4*f - 5. Suppose -d + 17 = -4*h, 4*d + h = -0*h. Let n be m(d). Let r(b) = b + n - 3*b**2 + 1 - 1. Determine r(3).
-21
Let p = -15 + 7. Let b(o) be the second derivative of -o**4/12 - 2*o**3/3 - 3*o**2 + 214*o. Give b(p).
-38
Let y(c) = 641*c - 64. Let j(s) = -128*s + 1. Let w(l) = -5*j(l) - y(l). What is w(30)?
29
Let k(s) = -s - 2. Suppose -1 = 5*r - 1. Let d be 18/1 + (r - (-6)/(-2)). Suppose 5*c - d = 15. Determine k(c).
-8
Let c(t) be the first derivative of t**3/3 + 6*t**2 - 25*t - 3257. Determine c(-11).
-36
Let t(u) = -570*u**3 + 12*u - 5*u - 13*u**2 + 568*u**3. Let c be t(-7). Let i(x) = 4 - x**3 - 2*x + x + 14 + x**2. Calculate i(c).
18
Let h be (-2)/8*220/(-11). Suppose -3*f + 31 = -h*r, -5*f + 3*r + 0*r + 25 = 0. Let u(c) = -8 + c**3 - 2*c**f - 8*c + 7*c**2 + c**2. Calculate u(-7).
-1
Let j be (-5)/((-3 - -2)/1). Let k(p) = 5*p**2 - 4*p + 80. Let d(c) = -c**2 + c - 11. Let f(i) = 6*d(i) + k(i). What is f(j)?
-1
Let p(f) = f**3 + 5*f**2 + f - 6. Let x = -5636 + 5633. Calculate p(x).
9
Let c(a) = -5*a + 89225 + 0*a - 89228 + 2*a. Determine c(6).
-21
Let j(x) = -x**2 + 64*x - 66. Let s be j(63). Le